+ 72 = 19, -5*g - 273 = -2*w. List the prime factors of (-11)/g - 368/(-10).
37
Let n(l) = -l**3 + 2*l**2 + 4*l - 5. Let z be n(2). Suppose -172 = z*f + f. Let o = 78 + f. What are the prime factors of o?
5, 7
Suppose 1150 + 785 = 5*b. What are the prime factors of b?
3, 43
Suppose -8 = -h + 5*h. Let g be 0*(28/(-16) - h). Suppose -t + 5 + 8 = g. What are the prime factors of t?
13
What are the prime factors of (-36)/(-16)*(183 - 11)?
3, 43
Let h(i) = i**2 + i + 304. List the prime factors of h(0).
2, 19
Let z(g) = -g**2. Let a(i) = -9*i**2 - 5*i + 11. Let b(n) = -a(n) + 6*z(n). What are the prime factors of b(-10)?
239
Suppose 0 = 2*m - 4*m. Suppose 0 = -m*q - 5*q + 15. Let l = q - -3. What are the prime factors of l?
2, 3
Suppose 5*o + 9 = 8*o. Suppose -o*j - 2*j = -15. Suppose 3*d - j = 6, 0 = -2*c - 4*d + 58. What are the prime factors of c?
23
Let o = -3 - -5. List the prime factors of (-8)/(-5) - o/(-5).
2
Let g = -155 + 229. Let p = g - 45. What are the prime factors of p?
29
Suppose 8347 + 17009 = 12*s. What are the prime factors of s?
2113
Suppose -5*m = -3*m + 8. Let x be m/(-10) - 32/5. What are the prime factors of 13 - (-3)/(x/4)?
11
Suppose -3*r + 48 = -7*r. Let b = r + 12. Suppose q = -b*q + 3. What are the prime factors of q?
3
Suppose -2*n + 3 = -11. Let k(b) = 10*b - 24*b + 11*b + n + 3. List the prime factors of k(-19).
67
Suppose 0*l + 2*l + 4*s = 6, -4*l + 2*s - 8 = 0. Suppose 6*c + 156 = 2*c. List the prime factors of 5 + -2 + (l - c).
41
Let f(r) = -108*r - 94. List the prime factors of f(-5).
2, 223
What are the prime factors of 8/(-80)*-10 - (-18 - 1)?
2, 5
Let g(q) = 3*q**3 - 3*q**2 + 5. Let u be g(3). Let k = u + -22. List the prime factors of k.
37
What are the prime factors of 1217 + (3 + (-7 - -4))/2?
1217
Let v(s) be the third derivative of 5*s**4/6 + s**3/6 - 4*s**2. What are the prime factors of v(1)?
3, 7
Suppose -2*f + l + 42 = -16, 0 = 4*f - 5*l - 104. List the prime factors of f.
31
Let v be (-1)/((3 - 2) + 48/(-47)). Suppose 4*q = 5*h + 226, -4*h = -3*q + v + 123. List the prime factors of q.
2, 3
Let j(o) = -387*o**2 + 9*o - 9. Let n(p) = 129*p**2 - 3*p + 3. Let m(a) = -6*j(a) - 17*n(a). List the prime factors of m(1).
3, 43
Suppose -4*t = 4*p - 16 - 88, 0 = 4*p - 3*t - 125. Let x = 36 + p. List the prime factors of x.
5, 13
Let y = -427 + 986. What are the prime factors of y?
13, 43
What are the prime factors of (-1 - 479)/(-3) - 11?
149
Suppose 4*m - 2*r + 1399 = 7*m, 4*r = -5*m + 2335. List the prime factors of m.
463
Let s(p) = 9*p + 140. List the prime factors of s(85).
5, 181
Suppose 9 = 3*v, -5*x + 2*v - 4*v + 471 = 0. Let a = x - 45. What are the prime factors of a?
2, 3
Let w(z) = 308*z - 19. What are the prime factors of w(2)?
3, 199
Let t = -63 - -196. List the prime factors of t.
7, 19
Let v = -21 + 15. What are the prime factors of 64/v*(-15)/10?
2
Let r(a) = a**3 + 18*a**2 + 4*a + 13. What are the prime factors of r(-9)?
2, 353
Let b be (-1 - 0)*-5 + -4. Suppose -s - i + 4 = 0, -i + b = -s + 3. Let d = 0 + s. List the prime factors of d.
3
Suppose 17*c = 12*c + 2035. Let j = -196 + c. What are the prime factors of j?
211
Let r(v) = -v**3 - 9*v**2 - 10*v - 3. Let l be r(-8). Let u = 8 - l. Let k(x) = -x**2 - 5*x + 5. What are the prime factors of k(u)?
5
Let m be 40/22 + ((-160)/88 - -2). Suppose -2*d = -d - 2*s - 52, -3*s = m*d - 111. What are the prime factors of d?
2, 3
Let m = 2923 - 1931. Suppose 0 = -8*y + 4*y + m. What are the prime factors of y?
2, 31
Suppose x - 6 = -2*p, p = 2*x - p. Suppose 2*z + s = 120, -2*z - z + x*s = -173. List the prime factors of z.
59
Let v be (2 - -3) + 228/(-6). Let s = v - -41. List the prime factors of s.
2
Suppose 0 = 3*m - 3, 116*h + m = 112*h + 16121. What are the prime factors of h?
2, 5, 13, 31
Let s = 14 + -14. Suppose -5*d + 1 = 2*y, 0 = -6*y + 2*y + 4*d + 44. Let q = y + s. What are the prime factors of q?
2
Suppose 0 = -2*t - 5*x - 34, -5*t - 14 - 17 = -x. Suppose 4*l - 156 = l. Let m = t + l. List the prime factors of m.
3, 5
Let w = 21 + -18. What are the prime factors of w*56/12 - -1?
3, 5
Suppose -32*t + 30*t = -h - 2588, -2*h = 3*t - 3868. List the prime factors of t.
2, 17, 19
Suppose -16 = -4*u + 3*u. Suppose o - 2*r = -4, -u = o - 0*r - 5*r. Suppose 3*z - 129 = -4*s, -o*z + z - 69 = -2*s. What are the prime factors of s?
3, 11
Suppose -i - 10 = -6*i. Let u(y) = -y**3 + 8*y**2 - 12*y + 5. Let n be u(6). Suppose -i*b + b = -n. List the prime factors of b.
5
Suppose 0 = -5*w + 14 + 26. Suppose 3*a = w*a - 30. List the prime factors of ((-64)/6)/((-2)/a).
2
Suppose -37*o + 32*o = -70. Suppose 160 = -o*b + 19*b. List the prime factors of b.
2
Let y(p) be the first derivative of p**4/4 + 5*p**3/3 - p**2/2 + 10*p - 2. Let h = -446 - -441. What are the prime factors of y(h)?
3, 5
Let f(o) = 150*o**2 + 3*o + 2. Let q = -4 - -3. List the prime factors of f(q).
149
Let d = 204 + -333. Let t = -59 - d. Let b = -39 + t. List the prime factors of b.
31
Let s = 196 + -19. Suppose -y + s = -5*i, -6*y + 744 = -2*y - 2*i. List the prime factors of y.
11, 17
Let n(a) = 63*a + 13. What are the prime factors of n(8)?
11, 47
Suppose 2*t = 20 + 160. Suppose -4*q + q + t = 0. Suppose 9*r - q = 3*r. List the prime factors of r.
5
Let t(f) = 28*f**2 - f - 2. List the prime factors of t(-2).
2, 7
Let z(d) = -d**3 + d**2 - d + 3. Let c be z(0). Let q be c/(9/(-10))*-3. Let v = q - 3. List the prime factors of v.
7
Let n(h) be the first derivative of 5*h**2/2 + 6*h - 69. Suppose 0 = l - 3*l + 12. List the prime factors of n(l).
2, 3
List the prime factors of 7 - 0 - 6 - -174.
5, 7
Let c be (0/(-2))/1 - -2. Let m = -1028 - -1024. List the prime factors of m/3*(-81)/c.
2, 3
Let d be 848/5 + (-4)/(-10). Suppose 3*y + 2*k = d, -y + 60 = 7*k - 3*k. Suppose 4*v = -0*v + y. What are the prime factors of v?
2, 7
Let f(j) = j**2 - 4*j + 9. Let u be f(6). Let r = u - -28. List the prime factors of r.
7
Suppose 0 = -9*j + 11*j - 424. Suppose j = 14*k - 10*k. What are the prime factors of k?
53
Suppose -4973 = 35*j - 78473. List the prime factors of j.
2, 3, 5, 7
Suppose 0 = -5*b - 23 - 22. Let v = -8 - b. List the prime factors of (0 - -1) + 0 + v.
2
Suppose -9 = 3*g - 5*z, -3*z = 2*g - 5*z + 2. Suppose g*s = -y + 8, -2*y + 20 = 5*s - 0. Suppose -c + 55 - 21 = y. List the prime factors of c.
2, 17
Let a = 574 - 329. Suppose h = -4*h + a. List the prime factors of h.
7
Suppose 5*q + 2*b - 18 = 0, -q - 2*b + 18 = 2*b. Suppose 0 = -q*u + 54 + 50. List the prime factors of u.
2, 13
Let d(p) be the third derivative of 0 - 1/120*p**6 - 1/2*p**4 - 11/60*p**5 - 1/2*p**3 + 0*p - 2*p**2. What are the prime factors of d(-10)?
17
Suppose 2*q + 529 = -3*y - 2*y, q - 3*y = -292. Let c = q + 554. List the prime factors of c.
277
Let f = 3199 + -1532. What are the prime factors of f?
1667
What are the prime factors of (-9 - 15/(-3)) + 406?
2, 3, 67
Suppose 4303 = 5*z + 3*g + 1243, 5 = -g. List the prime factors of z.
3, 5, 41
Let q(c) = 4*c**2 - 9*c - 23. What are the prime factors of q(10)?
7, 41
Let i = 76 - 62. Suppose 7*m - i = 14. List the prime factors of m.
2
Suppose 3270*k - 2574 = 3268*k. What are the prime factors of k?
3, 11, 13
Suppose 14*o = -4889 + 47463. List the prime factors of o.
3041
Let x be (-2 - -9)*(-5)/(-105)*30. Let p be -3*(-1)/(-2)*2. List the prime factors of 234/x + p/(-5).
2, 3
Suppose -3*x + 5221 = 838. List the prime factors of x.
3, 487
Let d = 19 - 30. What are the prime factors of 5/10 + d/(-2)?
2, 3
Suppose -3*w + 7 = -2. Suppose j - 188 = -5*s, s = -w*j + j + 43. What are the prime factors of s?
37
Let s be 99/(-6)*(-12)/9. Let h = -20 + s. Suppose -h*m + 83 - 47 = 0. List the prime factors of m.
2, 3
Suppose -h + 4*o - 2*o - 2 = 0, 4 = -h + 3*o. Let s be -16 + 0/(-2 - h). List the prime factors of ((-225)/(-12))/((-6)/s).
2, 5
Let f = 54 - 36. Let j = -17 + f. What are the prime factors of ((-75)/(-6))/(j/2)?
5
Let f = -58 + 63. Suppose 4*y + 0*r - 466 = -2*r, -f*y - r + 584 = 0. What are the prime factors of y?
3, 13
Let t(o) = -4*o - 4 + 2*o + 7*o + 7*o. What are the prime factors of t(2)?
2, 5
Let a = -308 - -665. What are the prime factors of a?
3, 7, 17
Let u = -1959 + 3626. What are the prime factors of u?
1667
Suppose 0 = -31*s + 104122 + 998